mber?
False
Suppose -255 - 1205 = -5*w + h, -5*w + 2*h = -1455. Is w a prime number?
True
Let q(b) = -12*b + 15. Let m(k) = -k + 1. Let s(p) = 4*m(p) - q(p). Is s(8) prime?
True
Let d = -1759 + 2504. Is d a composite number?
True
Let y = 118 + -29. Is y composite?
False
Let j be 8/(-6)*(-3)/2. Let d(b) = -b**2 + 1. Let r be d(2). Is j/(-6) - 232/r a composite number?
True
Suppose -5*b - h - 213 = -b, 5*b = -3*h - 261. Let t = 131 + b. Is t a composite number?
True
Let r be 652/1 + 1 + -1. Suppose 3*l - r = 485. Is l composite?
False
Suppose -a = -81 + 1. Suppose -5*l + 345 = a. Is l a prime number?
True
Let k(n) = n**2 + 1. Let x(d) = -d**3 + 6*d**2 + 6*d - 6. Let p(z) = 3*k(z) + x(z). Is p(9) composite?
True
Suppose -2 = k - 4. Suppose -5*o + 201 = -k*o. Is o a composite number?
False
Let r = -21 - -25. Is 377 - (r - 5)*0 composite?
True
Suppose 4*y - 26 = 2*h, -h - 1 = 5*y - 2. Let u(o) = 8 + 0 + 3*o**2 - 2*o**2 + 7*o. Is u(h) a prime number?
False
Let x(u) be the first derivative of u**2/2 + 91*u - 1. Is x(0) a prime number?
False
Let m = -484 - -801. Is m prime?
True
Let v = -388 - -568. Suppose 4*g = -2*c + 3*c + 215, 0 = -3*g - 3*c + v. Is g composite?
True
Is (-56)/(-12)*(-63)/(-6) a prime number?
False
Let j = 155 + 1034. Is j composite?
True
Let n(x) = -1 + 4*x + 0*x + 2. Let s(b) = b**2 + 7*b. Let z be s(-8). Is n(z) composite?
True
Let i(u) = -u**3 - 2*u**2. Let c be i(-2). Suppose c*v + 26 = 2*v. Let m = -7 + v. Is m prime?
False
Suppose -q - q = 0. Suppose -a = 22 - q. Let r = 45 - a. Is r a composite number?
False
Let i = 1157 - 638. Is i a composite number?
True
Suppose 38*c - 10765 = 33*c. Is c composite?
False
Let s = -9 - -45. Suppose 3*f - 18 = s. Let t = f + -11. Is t a composite number?
False
Let u(p) = -p**3 - 8*p**2 + 2*p - 5. Let w be u(-7). Let c = -48 - w. Let t = c + -5. Is t composite?
True
Let f = 18 + 29. Let u be -4*(2/4 - (11 + -9)). Suppose -t + f = -u. Is t a composite number?
False
Let k = 9 + -5. Let o be ((-10)/(-3))/(k/6). Suppose -81 = -2*a + 5*l, 0*l - 5*l = -o. Is a prime?
True
Let c = 10 - -181. Is c composite?
False
Let v = -2732 + 6275. Is v prime?
False
Suppose -1209 - 12 = -3*f. Is f prime?
False
Let f = 3 - -3. Let g(y) = -15*y + 48*y + 38*y - 7. Is g(f) prime?
True
Suppose 3*f + 0 = 48. Let a = f + -1. Is a prime?
False
Suppose -4*n + 250 = 2*i, 4*i + 4*n - 637 = -i. Is i a composite number?
True
Suppose 0 = 2*c + 2*u - 5 + 1, 2 = 2*u. Let n be c - 1 - (-4 - -2). Is n/(-5) - 1461/(-15) prime?
True
Is (6 - 6)/5 - -7603 composite?
False
Let t(i) = 21*i**2 - 2*i - 14. Is t(4) prime?
False
Let t = 3 - -2. Suppose 0*v - t*m = -3*v + 182, 84 = v + 3*m. Is v a prime number?
False
Let l = 3 + -3. Suppose l = 2*w - 4*w. Is -1*25*(-1 - w) prime?
False
Let m(z) = z**2 + 5*z + 1. Let c be m(-5). Let k(p) = -8 - 7*p + c - 5*p. Is k(-6) composite?
True
Suppose -5*d + 2*x = -1465, 2*d + 2*x - 293 = d. Is d composite?
False
Is -1 + 1 - 0 - (-11 - -2) prime?
False
Suppose 0*x + 4*x + 4*y - 12 = 0, -4*y + 12 = 3*x. Is -79*1*(-1 - x) prime?
True
Is 8*((-108)/(-16) + -3 + 2) prime?
False
Suppose 5*v + 4*g - 2*g = 6, -4*g - 8 = 0. Is ((-654)/(-12))/(1/v) prime?
True
Let a = 360 - 229. Is a prime?
True
Let k be -3 + (5 + 1 - -1). Suppose l - k*q - 53 = 0, 2*l - 3*q = -3*l + 265. Is l composite?
False
Suppose 0*a + 5*a = -2*t + 336, -5*t + 3*a = -809. Is t a prime number?
True
Suppose 0 = 6*j - 2*j - 16. Let f(v) = 5*v + 1. Is f(j) a prime number?
False
Let m(v) = -v**3 + 2*v + 1. Let x be m(-2). Suppose 0 = 3*y + 4*g + 8, -y - y + 10 = -x*g. Suppose 3*r + y*r = 237. Is r a composite number?
False
Let o = 37 + 2. Is o a prime number?
False
Suppose 3*c + 2*c - 30 = 0. Let l(n) = 4*n - 8. Let m be l(c). Let p = m + -7. Is p a prime number?
False
Let h be ((-84)/16)/7*-8. Let q = h - -13. Is q prime?
True
Suppose -m - 3*t = -1411, 4*t = -2*m + 3*m - 1439. Is m a composite number?
False
Is (-213)/(-4)*100/15 prime?
False
Suppose 532 - 65 = 3*p + 2*s, 4*s = p - 165. Is p composite?
False
Is (1 - 2) + (-16 - -1302) prime?
False
Let c = 3 + 4. Let q = 84 - c. Is q a prime number?
False
Is 8/32 + 1059/4 composite?
True
Suppose -3*h = -2*l - 1, -16 = 2*h - 6*h - l. Let u(z) = -z**2 + 3*z - 6*z**3 + h + z - z + z. Is u(-2) a prime number?
False
Let v be 3 - 5/((-10)/244). Let a = v - -174. Is a composite?
True
Let g(r) = 70*r + 1. Let l(a) = 141*a + 1. Let j(v) = -9*g(v) + 4*l(v). Is j(-2) a composite number?
False
Suppose 8*p - 677 = 7*p. Is p a composite number?
False
Let l be -4 - -2 - (1 - 6). Suppose r + l*r - 268 = 0. Is r a prime number?
True
Let s(i) = -i - 7. Let t be s(-7). Suppose m = -t*m + 67. Is m a prime number?
True
Let r(w) = w + 2. Let t be r(-6). Let h = t + 10. Suppose -u + 0*u = -h. Is u a prime number?
False
Let d = 4310 + -2942. Suppose -s = 2*s - d. Suppose -5*o = -s + 31. Is o a composite number?
True
Suppose 4*s + 3*b + 45 = 117, -2*b + 83 = 5*s. Let i = -21 + s. Let k(t) = -25*t - 5. Is k(i) composite?
True
Let b be (-34)/(-9) - 8/(-36). Let i be 0/(b*3/(-6)). Suppose -5*x + 403 + 172 = 3*s, i = -2*s. Is x composite?
True
Let d = -41 - -794. Is d composite?
True
Let l be (5/(-4))/(7/28). Let b = l - -190. Is b a composite number?
True
Suppose -5*b = 29 - 4. Let c be (b/(-2))/(5/10). Suppose 37 = -4*z + c*z. Is z composite?
False
Suppose 3*k - 309 = -5*f, -5*k - 4*f + 0*f = -515. Is k prime?
True
Let u(y) = -3*y**2 - y + 2. Let f be u(1). Is 3 + (-4 - 14/f) a composite number?
True
Let p(l) = -l + 9. Let o be p(-9). Let w be (-25)/(-9) + 4/o. Suppose -2*c = -10, w*c - 12 = -3*y + 108. Is y composite?
True
Let j(o) = -5*o**2 + o - 5. Let d(x) = x**2 + x. Let a(m) = 4*d(m) + j(m). Let v be a(4). Is 20 - -2*v/2 a composite number?
False
Suppose 0 = -h - 4*h - 5. Let l = 4 + 4. Let i = h + l. Is i a composite number?
False
Suppose q + 107 = 4*b, b = -3*b + 2*q + 102. Let i be 48/b + (-4)/(-14). Is (-2 + i + -7)*-1 composite?
False
Let c(p) = -1792*p - 37. Is c(-5) composite?
False
Let u(o) = o**3 + o**2 - 2*o + 1. Let d be u(1). Let r be d*(1 - (0 + 0)). Is (r + 1)/(2/3) a prime number?
True
Let q(x) = x**2 - 3*x - 6. Let m be q(5). Is ((-246)/(-10))/(m/20) composite?
True
Let v(f) = f**2 + f + 19. Is v(15) a composite number?
True
Let w be (1 + -1)/(5 - 3). Let d = -2 - w. Is -6*(1 + (d - 0)) a composite number?
True
Let k(z) = -86*z + 9. Is k(-17) a prime number?
True
Suppose 0 = i - 26 - 237. Is i composite?
False
Let b(f) = -f**2 + 11*f - 8. Let j be b(10). Suppose 4*h - j*h = 28. Is h composite?
True
Let l(d) = -d**3 - 11*d**2 + 8*d - 11. Is l(-13) a prime number?
True
Let d(z) = z**2 + 0*z - 3*z + z + 4. Let k(x) = x - 14. Let s be k(11). Is d(s) a composite number?
False
Suppose -3*f + 8 = 4*o, -f - 3 + 13 = 5*o. Suppose o*l = -9 - 11. Is l/(-8)*232/2 prime?
False
Let w(i) = -i**3 + 4*i**2 + 5*i + 6. Let q be w(5). Let f be 2/q - (-33)/9. Suppose 5*s - 765 = -4*m, 231 + 260 = 3*s - f*m. Is s a composite number?
False
Let u = 273 + 53. Let o be u/(-14) - 4/(-14). Let t = 36 + o. Is t a prime number?
True
Let k be (332/(-5))/(2/(-5)). Suppose n = -n + k. Is n a composite number?
False
Suppose 3*s + 8*b + 11 = 4*b, -b - 17 = -4*s. Suppose 0 = 5*g - 3*m - 10 - 7, -s*m - 12 = 0. Suppose 7 - g = 2*i. Is i composite?
False
Let k(y) = 30*y - 3. Let t(c) be the third derivative of 31*c**4/24 - c**3/3 - 3*c**2. Let q(g) = -3*k(g) + 4*t(g). Is q(2) a prime number?
False
Let s(u) = 57*u**2 + u - 3. Let a(w) = 58*w**2 + 2*w - 4. Let q(v) = -2*a(v) + 3*s(v). Suppose 3 = -12*l + 9*l. Is q(l) a composite number?
True
Suppose 4*h + 26 = 5*o - 3*o, 0 = 3*o - h - 14. Suppose 3*i = -3, o*i = 4*l - 6*l + 275. Is l composite?
False
Let u(r) = -r**2 - 5*r + 5. Let c be u(-7). Let n be (-24)/c*(-6)/4. Is (-1)/(-1) + n - -14 a composite number?
False
Suppose -x + 2*v - 1 = 7, -5*v - 16 = 2*x. Let q = 14 + x. Is (568/q)/(12/18) prime?
False
Suppose -72 = -2*b + i - 5*i, 3*b - 140 = 2*i. Let m = b + -21. Is m composite?
False
Suppose -5*g + 3*c + 447 = c, g = 5*c + 94. Is g prime?
True
Let z be (-1186)/(-14) - 2/(-7). Suppose 4*s - q - 4 = 0, -2*s - 2*q + 8 = -q. Suppose z = -s*w + 3*w. Is w prime?
False
Let s(m) = -m - 8. Let d be s(-6). Is 164 - (d/1 + 3) prime?
True
Let h(i) = 2*i + 1. Let d be h(-3). Let j(c) = c**2 +